de 25952185?
False
Is 91443283 a multiple of 7?
False
Is 4 a factor of 186467144?
True
Does 1722 divide 332927344?
False
Is 4511035936 a multiple of 127?
True
Is 1436506614 a multiple of 6?
True
Does 5 divide 36897960?
True
Does 1118 divide 241195084?
True
Is 297576035 a multiple of 47?
True
Is 107867900 a multiple of 53?
False
Does 30 divide 35333003?
False
Is 90299025 a multiple of 15?
True
Does 1319 divide 85364295?
False
Does 17 divide 29357657?
True
Is 159994324 a multiple of 7?
True
Does 12 divide 293715838?
False
Does 89 divide 194647895?
True
Is 518 a factor of 603189613?
False
Does 61 divide 1874246366?
False
Is 1158 a factor of 69273100?
False
Is 152341525 a multiple of 175?
True
Is 174872152 a multiple of 728?
True
Is 622 a factor of 36388866?
True
Does 14 divide 221713456?
False
Is 275085695 a multiple of 2751?
False
Does 19 divide 286155154?
False
Is 1203315288 a multiple of 138?
True
Is 17 a factor of 286221322?
False
Is 32118249 a multiple of 37?
False
Is 127377640 a multiple of 8?
True
Is 23215270 a multiple of 215?
True
Is 227322159 a multiple of 178?
False
Is 91 a factor of 15976215?
False
Is 10 a factor of 21242228?
False
Is 289 a factor of 87896460?
True
Is 4 a factor of 944640?
True
Does 36 divide 1123626502?
False
Does 437 divide 72520587?
True
Is 75468498 a multiple of 42?
True
Is 430 a factor of 1667023406?
False
Is 344536071 a multiple of 244?
False
Does 337 divide 17005020?
True
Does 32 divide 3232196032?
True
Is 90 a factor of 5335690140?
True
Is 2100988 a multiple of 152?
False
Is 477263226 a multiple of 148?
False
Is 4861 a factor of 7048898349?
False
Is 29 a factor of 1066362133?
False
Is 774 a factor of 551259828?
True
Is 8 a factor of 214245883?
False
Does 825 divide 23433965?
False
Is 245391499 a multiple of 4?
False
Is 511 a factor of 80708362?
True
Is 234265680 a multiple of 990?
True
Is 74942709 a multiple of 2057?
False
Is 311 a factor of 64952972?
True
Is 311372836 a multiple of 342?
False
Is 2248056133 a multiple of 29?
True
Does 40 divide 28029960?
True
Is 1242 a factor of 724130712?
True
Does 2296 divide 2561523393?
False
Does 16 divide 5990641?
False
Is 8939298536 a multiple of 332?
True
Does 86 divide 7861633?
False
Does 8 divide 10770468?
False
Does 27 divide 9224415?
True
Is 16 a factor of 169011104?
True
Is 4926818026 a multiple of 658?
False
Is 1649 a factor of 630356113?
False
Is 58906809 a multiple of 507?
True
Is 1408524357 a multiple of 56?
False
Does 27 divide 4799331?
True
Is 173050420 a multiple of 9?
False
Is 144 a factor of 14625592?
False
Is 71871370 a multiple of 3?
False
Is 116 a factor of 481784076?
True
Does 69 divide 2243456?
False
Does 222 divide 7825214?
False
Is 298 a factor of 4898822?
True
Is 876585530 a multiple of 5?
True
Does 59 divide 5625886?
True
Does 74 divide 23808538?
True
Is 443373816 a multiple of 234?
False
Is 17 a factor of 65438323?
False
Does 8 divide 13643285?
False
Is 1017320145 a multiple of 59?
False
Is 210891702 a multiple of 65?
False
Does 1838 divide 149164728?
True
Is 91042034 a multiple of 722?
True
Does 19 divide 61572692?
True
Is 992 a factor of 9701921?
False
Is 1927376 a multiple of 23?
False
Is 243 a factor of 120162286?
False
Does 2347 divide 2479919998?
True
Is 13 a factor of 36106835?
False
Is 69484940 a multiple of 98?
True
Is 180575275 a multiple of 731?
True
Is 2320489335 a multiple of 2035?
False
Does 16 divide 731198736?
True
Does 243 divide 120514149?
True
Is 6035951 a multiple of 135?
False
Is 2727783505 a multiple of 1090?
False
Is 4816 a factor of 44312016?
True
Does 16 divide 1359586185?
False
Is 348 a factor of 23296891?
False
Does 370 divide 24042506?
False
Is 30 a factor of 24047723?
False
Does 18 divide 767046179?
False
Is 192 a factor of 12349056?
True
Does 14 divide 549070172?
True
Does 54 divide 107034080?
False
Is 69 a factor of 1903305867?
True
Does 175 divide 7164150?
True
Does 12 divide 528843552?
True
Does 4899 divide 754705647?
True
Is 21 a factor of 2475058824?
True
Does 617 divide 1000878911?
False
Does 608 divide 802032864?
True
Is 8 a factor of 201036212?
False
Is 17 a factor of 34456972?
False
Does 1089 divide 252260212?
False
Is 13329 a factor of 2646606240?
True
Does 119 divide 7364542689?
False
Is 37 a factor of 192497976?
True
Is 851 a factor of 460098955?
False
Is 2804911541 a multiple of 1239?
False
Is 2943 a factor of 131561084?
False
Is 54221622 a multiple of 507?
True
Does 21 divide 3436209384?
False
Does 79 divide 86163009?
True
Is 150 a factor of 29437302?
False
Does 104 divide 1146592?
False
Is 17 a factor of 2827035263?
False
Does 8 divide 7949752?
True
Is 21307350 a multiple of 34?
False
Is 170 a factor of 8396978?
False
Is 22740535 a multiple of 18?
False
Is 603857443 a multiple of 33?
False
Is 432433245 a multiple of 12?
False
Is 204876906 a multiple of 275?
False
Is 730 a factor of 561643020?
True
Is 194070408 a multiple of 84?
True
Is 235450360 a multiple of 21?
False
Is 70151325 a multiple of 1336?
False
Does 699 divide 427151211?
True
Is 198221744 a multiple of 1264?
True
Does 273 divide 10659054?
False
Does 301 divide 2567025640?
False
Is 26926165 a multiple of 35?
True
Does 28 divide 196362758?
False
Is 4076776438 a multiple of 2609?
True
Is 269 a factor of 251484046?
False
Does 173 divide 66472482?
True
Is 449455110 a multiple of 15?
True
Is 711443712 a multiple of 112?
True
Is 8 a factor of 40031763?
False
Does 359 divide 349570494?
False
Does 9 divide 4864995?
True
Is 22 a factor of 34880868?
True
Is 1461 a factor of 128378923?
False
Does 15158 divide 6791072002?
True
Is 140 a factor of 4198652220?
True
Does 3773 divide 86084768?
True
Is 11 a factor of 63580398?
False
Is 22 a factor of 105059724?
True
Does 617 divide 324818416?
True
Is 49162348 a multiple of 1545?
False
Is 1579 a factor of 611638000?
False
Is 7841 a factor of 468146905?
True
Is 908 a factor of 242944410?
False
Does 4498 divide 2315931768?
False
Is 321054010 a multiple of 3611?
True
Does 14 divide 6857330078?
False
Does 11 divide 138106738?
True
Is 145849770 a multiple of 30?
True
Is 2522495136 a multiple of 168?
True
Is 19 a factor of 490676843?
True
Does 7 divide 126887628?
True
Is 1408 a factor of 1839599776?
False
Is 317 a factor of 12279380?
False
Is 45126291 a multiple of 2009?
False
Does 127 divide 131579258?
False
Does 3760 divide 449996800?
True
Is 1276846368 a multiple of 1974?
True
Is 1069169920 a multiple of 728?
True
Is 299281990 a multiple of 53?
True
Does 123 divide 3083376?
False
Is 16 a factor of 200596848?
True
Does 5076 divide 1598923609?
False
Is 493064992 a multiple of 1411?
False
Is 182674253 a multiple of 117?
False
Is 297 a factor of 95105934?
True
Is 24 a factor of 320329?
False
Is 55 a factor of 22621280?
True
Is 1366399725 a multiple of 422?
False
Is 230240361 a multiple of 559?
True
Is 79 a factor of 42623923?
False
Does 80 divide 1076644638?
False
Is 106276049 a multiple of 14?
False
Is 20357400 a multiple of 1048?
True
Does 28 divide 61149844?
True
Is 1293070301 a multiple of 593?
True
Is 4 a factor of 4998309?
False
Is 5949035491 a multiple of 4733?
True
Is 1574 a factor of 3014349730?
False
Is 74 a factor of 227039645?
False
Does 108 divide 5001390?
False
Does 20 divide 2121160320?
True
Is 112173468 a multiple of 12?
True
Does 27 divide 72940716?
True
Is 9093238 a multiple of 22?
True
Is 241 a factor of 47651966?
True
Does 1348 divide 341027824?
True
Is 354606813 a multiple of 2211?
True
Does 360 divide 796880880?
True
Is 26003870 a multiple of 84?
False
Does 27 divide 23249813?
False
Is 62 a factor of 467009730?
True
Is 74275342 a multiple of 3696?
False
Is 359760864 a multiple of 2524?
True
Is 1251 a factor of 582688278?
True
Is 70154586 a multiple of 54?
True
Does 218 divide 629685348?
False
Does 10 divide 3870125500?
True
Does 34 divide 40406156?
False
Is 147 a factor of 10895405?
False
Does 30 divide 445218330?
True
Is 384 a factor of 1250394768?
False
Does 428 divide 42225071?
False
Is 1419 a factor of 317653214?
False
Does 126 divide 327084121?
False
Does 266 divide 882374402?
True
Is 120291736 a multiple of 27?
False
Is 1048 a factor of 128457552?
True
Does 63 divide 172923282?
True
Is 10768446 a multiple of 42?
False
Is 192657276 a multiple of 3?
True
Is 18769916 a multiple of 572?
F